{"id":325,"date":"2019-11-14T08:23:02","date_gmt":"2019-11-14T08:23:02","guid":{"rendered":"https:\/\/www.shungit.es\/blog\/?page_id=325"},"modified":"2020-01-24T23:16:43","modified_gmt":"2020-01-24T23:16:43","slug":"propiedades-de-shungita","status":"publish","type":"page","link":"https:\/\/www.shungit.es\/blog\/propiedades-de-shungita\/","title":{"rendered":"PROPIEDADES DE LA SHUNGIT"},"content":{"rendered":"\t\t<div data-elementor-type=\"wp-page\" data-elementor-id=\"325\" class=\"elementor elementor-325\" data-elementor-post-type=\"page\">\n\t\t\t\t\t\t<section class=\"elementor-section elementor-top-section elementor-element elementor-element-89936b0 elementor-section-boxed elementor-section-height-default elementor-section-height-default\" data-id=\"89936b0\" data-element_type=\"section\" data-e-type=\"section\">\n\t\t\t\t\t\t<div class=\"elementor-container elementor-column-gap-default\">\n\t\t\t\t\t<div class=\"elementor-column elementor-col-100 elementor-top-column elementor-element elementor-element-c689418\" data-id=\"c689418\" data-element_type=\"column\" data-e-type=\"column\">\n\t\t\t<div class=\"elementor-widget-wrap elementor-element-populated\">\n\t\t\t\t\t\t<div class=\"elementor-element elementor-element-6168745 elementor-widget elementor-widget-text-editor\" data-id=\"6168745\" data-element_type=\"widget\" data-e-type=\"widget\" data-widget_type=\"text-editor.default\">\n\t\t\t\t<div class=\"elementor-widget-container\">\n\t\t\t\t\t\t\t\t\t<p>Una de las caracteri\u0301sticas de este mineral es la de neutralizar la informacio\u0301n negativa que llega a nosotros a trave\u0301s de las ondas electromagne\u0301ticas de los aparatos que nos circundan, de manera que estabiliza nuestra energi\u0301a corporal. Llevar una Shungit encima nos ayuda a \u201creencontrar el norte\u201d.<\/p><p>Otro aspecto realmente fabuloso de la shungit es que se auto limpia el solo y no es necesario tampoco cargarlo por lo que podremos utilizarlo con otra persona para terapias, sin esperar a limpiezas y recargas, prestarlo a un amigo, familiar para un dolor o para proteccio\u0301n.<\/p><h2>Efectos atribuidos a la Shungit:<\/h2><ul><li>Limpia nuestro campo energe\u0301tico y nuestra aura.<\/li><li>Nos llena de energi\u0301a<\/li><li>Limpia el agua, cada 100g de Shungit limpia 1 L de agua, es anti-oxidante.<\/li><li>Protege al instante, actua contra mal ojo, energi\u0301as negativas.<\/li><li>Disminucio\u0301n de los dolores corporales<\/li><li>elimina las geopatias negativas de casas, negocios, naves. . etc<\/li><li>Equilibra nuestro cuerpo contra depresiones, ansiedad, reduce el estre\u0301s, dolores cabeza.<\/li><li>La shungit requilibra al instante las eneri\u0301as nocivas y nos protege.<\/li><li>La shungit ve lo que esta mal en nuestro cuerpo y actu\u0301a sobre la causa, por esa razo\u0301n la llaman la piedra inteligente, actu\u0301a a nivel celular \u201ces un autentico elixir de la vida\u201d.<\/li><li>Shungit es un medicamento natural creado por la naturaleza, como son las plantas.<\/li><li>Tres premios nobel reconocen las propiedades raras y excepcionales de esta piedra.<\/li><li>La Shungit es un anti-oxidante u\u0301nico.<\/li><\/ul><p><img fetchpriority=\"high\" decoding=\"async\" class=\" wp-image-343 aligncenter\" src=\"https:\/\/www.shungit.es\/blog\/wp-content\/uploads\/2019\/11\/Captura-de-pantalla-2019-11-14-a-las-16.32.32-300x117.png\" alt=\"shungit propiedades\" width=\"505\" height=\"197\" \/><\/p><h5 style=\"text-align: center;\"><strong>Shungit Rusia, Carelia en su estado natural.<\/strong><\/h5><h1>Propiedades qu\u00edmicas de la shungit:<\/h1><p>En Karelia, hay varios depo\u0301sitos de shungita con diferentes datos fisiolo\u0301gicos. Todas las muestras estudiadas si contienen fullerenos, tienen propiedades que son u\u0301tiles para los personas. El depo\u0301sito de Zazhoginsky es especialmente u\u0301nico.<\/p><p>El color que depende de la composicio\u0301n qui\u0301mica puede ser negro, grisa\u0301ceo, ceniciento y gris brillante la shungit \u00c9lite y tambie\u0301n otros tonos.<\/p><ul><li>Densidad 1, 5 &#8211; 2, 4 g \/ m 3<\/li><li>Porosidad hasta 10%<\/li><li>Adsorbente activo<\/li><li>Conduce una corriente ele\u0301ctrica, ma\u0301s que el oro, es un super-conductor y no se calienta tanto como el oro.<\/li><li>Tiene propiedades bactericidas, altamente reactivas y otras propiedades u\u0301tiles au\u0301n no completamente comprendidas.<\/li><\/ul><h2>Composicio\u0301n qui\u0301mica de la piedra Shungit:<\/h2><ul><li>Carbono: de 20 a 95%;<\/li><li>Silicio: de 5 a 60%;<\/li><li>Aluminio &#8211; hasta 4%;<\/li><li>Hierro &#8211; 3. 5%;<\/li><li>Magnesio: hasta 3. 5%;<\/li><li>Potasio: hasta 1, 5%;<\/li><li>Azufre: hasta 1, 2%;<\/li><li>Calcio &#8211; hasta 0. 58%;<\/li><li>Fo\u0301sforo: hasta 0. 34%;<\/li><li>otros macro y micro elementos que poseen propiedades u\u0301tiles.<\/li><\/ul><p>En la shungita, el contenido de plomo y cadmio, asi\u0301 como el aumento de la radioactividad, no se encuentran. Adema\u0301s de fullerenos u\u0301nicos, shungite contiene elementos de casi toda la tabla perio\u0301dica, menos los radiactivos.<\/p><p>La peculiaridad de esta roca es su accio\u0301n selectiva. Al interactuar con una persona, la shungit absorbe todo lo innecesario y tambie\u0301n \u00abagrega\u00bb y <strong>restaura aquellos elementos que una persona necesita.<\/strong> Este feno\u0301meno se basa en las propiedades de intercambio io\u0301nico de la shungit, que permite la extraccio\u0301n selectiva de ciertos contaminantes del cuerpo.<\/p><p>Adema\u0301s, las shungit tambie\u0301n saben co\u0301mo alimentarnos con los macro y microelementos necesarios, y tambie\u0301n selectivamente: a partir de los muchos elementos contenidos en estos minerales, el organismo elige exactamente lo que necesita.<\/p><p>Por lo tanto, el cuerpo gradualmente viene a restaurar el equilibrio mineral, que ayuda a curar muchas enfermedades cro\u0301nicas, restaurar el estado de energi\u0301a.<\/p>\t\t\t\t\t\t\t\t<\/div>\n\t\t\t\t<\/div>\n\t\t\t\t\t<\/div>\n\t\t<\/div>\n\t\t\t\t\t<\/div>\n\t\t<\/section>\n\t\t\t\t<\/div>\n\t\t","protected":false},"excerpt":{"rendered":"<p>Una de las caracteri\u0301sticas de este mineral es la de neutralizar la informacio\u0301n negativa que llega a nosotros a trave\u0301s de las ondas electromagne\u0301ticas de los aparatos que nos circundan, de manera que estabiliza nuestra energi\u0301a corporal. Llevar una Shungit encima nos ayuda a \u201creencontrar el norte\u201d. Otro aspecto realmente fabuloso de la shungit es [&hellip;]<\/p>\n","protected":false},"author":2,"featured_media":392,"parent":0,"menu_order":0,"comment_status":"closed","ping_status":"closed","template":"","meta":{"site-sidebar-layout":"default","site-content-layout":"default","ast-site-content-layout":"default","site-content-style":"default","site-sidebar-style":"default","ast-global-header-display":"","ast-banner-title-visibility":"","ast-main-header-display":"","ast-hfb-above-header-display":"","ast-hfb-below-header-display":"","ast-hfb-mobile-header-display":"","site-post-title":"","ast-breadcrumbs-content":"","ast-featured-img":"","footer-sml-layout":"","ast-disable-related-posts":"","theme-transparent-header-meta":"default","adv-header-id-meta":"","stick-header-meta":"","header-above-stick-meta":"","header-main-stick-meta":"","header-below-stick-meta":"","astra-migrate-meta-layouts":"default","ast-page-background-enabled":"default","ast-page-background-meta":{"desktop":{"background-color":"","background-image":"","background-repeat":"repeat","background-position":"center center","background-size":"auto","background-attachment":"scroll","background-type":"","background-media":"","overlay-type":"","overlay-color":"","overlay-opacity":"","overlay-gradient":""},"tablet":{"background-color":"","background-image":"","background-repeat":"repeat","background-position":"center center","background-size":"auto","background-attachment":"scroll","background-type":"","background-media":"","overlay-type":"","overlay-color":"","overlay-opacity":"","overlay-gradient":""},"mobile":{"background-color":"","background-image":"","background-repeat":"repeat","background-position":"center center","background-size":"auto","background-attachment":"scroll","background-type":"","background-media":"","overlay-type":"","overlay-color":"","overlay-opacity":"","overlay-gradient":""}},"ast-content-background-meta":{"desktop":{"background-color":"var(--ast-global-color-5)","background-image":"","background-repeat":"repeat","background-position":"center center","background-size":"auto","background-attachment":"scroll","background-type":"","background-media":"","overlay-type":"","overlay-color":"","overlay-opacity":"","overlay-gradient":""},"tablet":{"background-color":"var(--ast-global-color-5)","background-image":"","background-repeat":"repeat","background-position":"center center","background-size":"auto","background-attachment":"scroll","background-type":"","background-media":"","overlay-type":"","overlay-color":"","overlay-opacity":"","overlay-gradient":""},"mobile":{"background-color":"var(--ast-global-color-5)","background-image":"","background-repeat":"repeat","background-position":"center center","background-size":"auto","background-attachment":"scroll","background-type":"","background-media":"","overlay-type":"","overlay-color":"","overlay-opacity":"","overlay-gradient":""}},"footnotes":""},"class_list":["post-325","page","type-page","status-publish","has-post-thumbnail","hentry"],"yoast_head":"<!-- This site is optimized with the Yoast SEO plugin v27.6 - https:\/\/yoast.com\/product\/yoast-seo-wordpress\/ -->\n<title>\u25b7 Propiedades de la PIEDRA SHUNGIT | Comprar Art\u00edculos Shungit<\/title>\n<meta name=\"description\" content=\"Descubre ahora las incontables propiedades de la M\u00e1gica piedra SHUNGIT en nuestro sitio web. Compra art\u00edculos \u2705 ORIGINALES al mejor precio.\" \/>\n<meta name=\"robots\" content=\"index, follow, max-snippet:-1, max-image-preview:large, max-video-preview:-1\" \/>\n<link rel=\"canonical\" href=\"https:\/\/www.shungit.es\/blog\/propiedades-de-shungita\/\" \/>\n<meta property=\"og:locale\" content=\"es_ES\" \/>\n<meta property=\"og:type\" content=\"article\" \/>\n<meta property=\"og:title\" content=\"\u25b7 Propiedades de la PIEDRA SHUNGIT | Comprar Art\u00edculos Shungit\" \/>\n<meta property=\"og:description\" content=\"Descubre ahora las incontables propiedades de la M\u00e1gica piedra SHUNGIT en nuestro sitio web. Compra art\u00edculos \u2705 ORIGINALES al mejor precio.\" \/>\n<meta property=\"og:url\" content=\"https:\/\/www.shungit.es\/blog\/propiedades-de-shungita\/\" \/>\n<meta property=\"og:site_name\" content=\"Shungit Blog\" \/>\n<meta property=\"article:modified_time\" content=\"2020-01-24T23:16:43+00:00\" \/>\n<meta property=\"og:image\" content=\"https:\/\/www.shungit.es\/blog\/wp-content\/uploads\/2019\/11\/PROPIEDADES-DE-LA-SHUNGIT-640x425.jpg\" \/>\n\t<meta property=\"og:image:width\" content=\"640\" \/>\n\t<meta property=\"og:image:height\" content=\"425\" \/>\n\t<meta property=\"og:image:type\" content=\"image\/jpeg\" \/>\n<meta name=\"twitter:card\" content=\"summary_large_image\" \/>\n<meta name=\"twitter:label1\" content=\"Tiempo de lectura\" \/>\n\t<meta name=\"twitter:data1\" content=\"3 minutos\" \/>\n<script type=\"application\/ld+json\" class=\"yoast-schema-graph\">{\"@context\":\"https:\\\/\\\/schema.org\",\"@graph\":[{\"@type\":\"WebPage\",\"@id\":\"https:\\\/\\\/www.shungit.es\\\/blog\\\/propiedades-de-shungita\\\/\",\"url\":\"https:\\\/\\\/www.shungit.es\\\/blog\\\/propiedades-de-shungita\\\/\",\"name\":\"\u25b7 Propiedades de la PIEDRA SHUNGIT | Comprar Art\u00edculos Shungit\",\"isPartOf\":{\"@id\":\"https:\\\/\\\/www.shungit.es\\\/blog\\\/#website\"},\"primaryImageOfPage\":{\"@id\":\"https:\\\/\\\/www.shungit.es\\\/blog\\\/propiedades-de-shungita\\\/#primaryimage\"},\"image\":{\"@id\":\"https:\\\/\\\/www.shungit.es\\\/blog\\\/propiedades-de-shungita\\\/#primaryimage\"},\"thumbnailUrl\":\"https:\\\/\\\/www.shungit.es\\\/blog\\\/wp-content\\\/uploads\\\/2019\\\/11\\\/PROPIEDADES-DE-LA-SHUNGIT-640x425.jpg\",\"datePublished\":\"2019-11-14T08:23:02+00:00\",\"dateModified\":\"2020-01-24T23:16:43+00:00\",\"description\":\"Descubre ahora las incontables propiedades de la M\u00e1gica piedra SHUNGIT en nuestro sitio web. Compra art\u00edculos \u2705 ORIGINALES al mejor precio.\",\"breadcrumb\":{\"@id\":\"https:\\\/\\\/www.shungit.es\\\/blog\\\/propiedades-de-shungita\\\/#breadcrumb\"},\"inLanguage\":\"es\",\"potentialAction\":[{\"@type\":\"ReadAction\",\"target\":[\"https:\\\/\\\/www.shungit.es\\\/blog\\\/propiedades-de-shungita\\\/\"]}]},{\"@type\":\"ImageObject\",\"inLanguage\":\"es\",\"@id\":\"https:\\\/\\\/www.shungit.es\\\/blog\\\/propiedades-de-shungita\\\/#primaryimage\",\"url\":\"https:\\\/\\\/www.shungit.es\\\/blog\\\/wp-content\\\/uploads\\\/2019\\\/11\\\/PROPIEDADES-DE-LA-SHUNGIT-640x425.jpg\",\"contentUrl\":\"https:\\\/\\\/www.shungit.es\\\/blog\\\/wp-content\\\/uploads\\\/2019\\\/11\\\/PROPIEDADES-DE-LA-SHUNGIT-640x425.jpg\",\"width\":640,\"height\":425},{\"@type\":\"BreadcrumbList\",\"@id\":\"https:\\\/\\\/www.shungit.es\\\/blog\\\/propiedades-de-shungita\\\/#breadcrumb\",\"itemListElement\":[{\"@type\":\"ListItem\",\"position\":1,\"name\":\"Portada\",\"item\":\"https:\\\/\\\/www.shungit.es\\\/blog\\\/\"},{\"@type\":\"ListItem\",\"position\":2,\"name\":\"PROPIEDADES DE LA SHUNGIT\"}]},{\"@type\":\"WebSite\",\"@id\":\"https:\\\/\\\/www.shungit.es\\\/blog\\\/#website\",\"url\":\"https:\\\/\\\/www.shungit.es\\\/blog\\\/\",\"name\":\"Shungit Blog\",\"description\":\"Shungit la piedra inteligente, una piedra cu\u00e1ntica.\",\"publisher\":{\"@id\":\"https:\\\/\\\/www.shungit.es\\\/blog\\\/#organization\"},\"potentialAction\":[{\"@type\":\"SearchAction\",\"target\":{\"@type\":\"EntryPoint\",\"urlTemplate\":\"https:\\\/\\\/www.shungit.es\\\/blog\\\/?s={search_term_string}\"},\"query-input\":{\"@type\":\"PropertyValueSpecification\",\"valueRequired\":true,\"valueName\":\"search_term_string\"}}],\"inLanguage\":\"es\"},{\"@type\":\"Organization\",\"@id\":\"https:\\\/\\\/www.shungit.es\\\/blog\\\/#organization\",\"name\":\"Shungit Blog\",\"url\":\"https:\\\/\\\/www.shungit.es\\\/blog\\\/\",\"logo\":{\"@type\":\"ImageObject\",\"inLanguage\":\"es\",\"@id\":\"https:\\\/\\\/www.shungit.es\\\/blog\\\/#\\\/schema\\\/logo\\\/image\\\/\",\"url\":\"https:\\\/\\\/www.shungit.es\\\/blog\\\/wp-content\\\/uploads\\\/2018\\\/05\\\/cropped-shungit-logo-1527149637.png\",\"contentUrl\":\"https:\\\/\\\/www.shungit.es\\\/blog\\\/wp-content\\\/uploads\\\/2018\\\/05\\\/cropped-shungit-logo-1527149637.png\",\"width\":350,\"height\":171,\"caption\":\"Shungit Blog\"},\"image\":{\"@id\":\"https:\\\/\\\/www.shungit.es\\\/blog\\\/#\\\/schema\\\/logo\\\/image\\\/\"}}]}<\/script>\n<!-- \/ Yoast SEO plugin. -->","yoast_head_json":{"title":"\u25b7 Propiedades de la PIEDRA SHUNGIT | Comprar Art\u00edculos Shungit","description":"Descubre ahora las incontables propiedades de la M\u00e1gica piedra SHUNGIT en nuestro sitio web. Compra art\u00edculos \u2705 ORIGINALES al mejor precio.","robots":{"index":"index","follow":"follow","max-snippet":"max-snippet:-1","max-image-preview":"max-image-preview:large","max-video-preview":"max-video-preview:-1"},"canonical":"https:\/\/www.shungit.es\/blog\/propiedades-de-shungita\/","og_locale":"es_ES","og_type":"article","og_title":"\u25b7 Propiedades de la PIEDRA SHUNGIT | Comprar Art\u00edculos Shungit","og_description":"Descubre ahora las incontables propiedades de la M\u00e1gica piedra SHUNGIT en nuestro sitio web. Compra art\u00edculos \u2705 ORIGINALES al mejor precio.","og_url":"https:\/\/www.shungit.es\/blog\/propiedades-de-shungita\/","og_site_name":"Shungit Blog","article_modified_time":"2020-01-24T23:16:43+00:00","og_image":[{"width":640,"height":425,"url":"https:\/\/www.shungit.es\/blog\/wp-content\/uploads\/2019\/11\/PROPIEDADES-DE-LA-SHUNGIT-640x425.jpg","type":"image\/jpeg"}],"twitter_card":"summary_large_image","twitter_misc":{"Tiempo de lectura":"3 minutos"},"schema":{"@context":"https:\/\/schema.org","@graph":[{"@type":"WebPage","@id":"https:\/\/www.shungit.es\/blog\/propiedades-de-shungita\/","url":"https:\/\/www.shungit.es\/blog\/propiedades-de-shungita\/","name":"\u25b7 Propiedades de la PIEDRA SHUNGIT | Comprar Art\u00edculos Shungit","isPartOf":{"@id":"https:\/\/www.shungit.es\/blog\/#website"},"primaryImageOfPage":{"@id":"https:\/\/www.shungit.es\/blog\/propiedades-de-shungita\/#primaryimage"},"image":{"@id":"https:\/\/www.shungit.es\/blog\/propiedades-de-shungita\/#primaryimage"},"thumbnailUrl":"https:\/\/www.shungit.es\/blog\/wp-content\/uploads\/2019\/11\/PROPIEDADES-DE-LA-SHUNGIT-640x425.jpg","datePublished":"2019-11-14T08:23:02+00:00","dateModified":"2020-01-24T23:16:43+00:00","description":"Descubre ahora las incontables propiedades de la M\u00e1gica piedra SHUNGIT en nuestro sitio web. Compra art\u00edculos \u2705 ORIGINALES al mejor precio.","breadcrumb":{"@id":"https:\/\/www.shungit.es\/blog\/propiedades-de-shungita\/#breadcrumb"},"inLanguage":"es","potentialAction":[{"@type":"ReadAction","target":["https:\/\/www.shungit.es\/blog\/propiedades-de-shungita\/"]}]},{"@type":"ImageObject","inLanguage":"es","@id":"https:\/\/www.shungit.es\/blog\/propiedades-de-shungita\/#primaryimage","url":"https:\/\/www.shungit.es\/blog\/wp-content\/uploads\/2019\/11\/PROPIEDADES-DE-LA-SHUNGIT-640x425.jpg","contentUrl":"https:\/\/www.shungit.es\/blog\/wp-content\/uploads\/2019\/11\/PROPIEDADES-DE-LA-SHUNGIT-640x425.jpg","width":640,"height":425},{"@type":"BreadcrumbList","@id":"https:\/\/www.shungit.es\/blog\/propiedades-de-shungita\/#breadcrumb","itemListElement":[{"@type":"ListItem","position":1,"name":"Portada","item":"https:\/\/www.shungit.es\/blog\/"},{"@type":"ListItem","position":2,"name":"PROPIEDADES DE LA SHUNGIT"}]},{"@type":"WebSite","@id":"https:\/\/www.shungit.es\/blog\/#website","url":"https:\/\/www.shungit.es\/blog\/","name":"Shungit Blog","description":"Shungit la piedra inteligente, una piedra cu\u00e1ntica.","publisher":{"@id":"https:\/\/www.shungit.es\/blog\/#organization"},"potentialAction":[{"@type":"SearchAction","target":{"@type":"EntryPoint","urlTemplate":"https:\/\/www.shungit.es\/blog\/?s={search_term_string}"},"query-input":{"@type":"PropertyValueSpecification","valueRequired":true,"valueName":"search_term_string"}}],"inLanguage":"es"},{"@type":"Organization","@id":"https:\/\/www.shungit.es\/blog\/#organization","name":"Shungit Blog","url":"https:\/\/www.shungit.es\/blog\/","logo":{"@type":"ImageObject","inLanguage":"es","@id":"https:\/\/www.shungit.es\/blog\/#\/schema\/logo\/image\/","url":"https:\/\/www.shungit.es\/blog\/wp-content\/uploads\/2018\/05\/cropped-shungit-logo-1527149637.png","contentUrl":"https:\/\/www.shungit.es\/blog\/wp-content\/uploads\/2018\/05\/cropped-shungit-logo-1527149637.png","width":350,"height":171,"caption":"Shungit Blog"},"image":{"@id":"https:\/\/www.shungit.es\/blog\/#\/schema\/logo\/image\/"}}]}},"_links":{"self":[{"href":"https:\/\/www.shungit.es\/blog\/wp-json\/wp\/v2\/pages\/325","targetHints":{"allow":["GET"]}}],"collection":[{"href":"https:\/\/www.shungit.es\/blog\/wp-json\/wp\/v2\/pages"}],"about":[{"href":"https:\/\/www.shungit.es\/blog\/wp-json\/wp\/v2\/types\/page"}],"author":[{"embeddable":true,"href":"https:\/\/www.shungit.es\/blog\/wp-json\/wp\/v2\/users\/2"}],"replies":[{"embeddable":true,"href":"https:\/\/www.shungit.es\/blog\/wp-json\/wp\/v2\/comments?post=325"}],"version-history":[{"count":1,"href":"https:\/\/www.shungit.es\/blog\/wp-json\/wp\/v2\/pages\/325\/revisions"}],"predecessor-version":[{"id":485,"href":"https:\/\/www.shungit.es\/blog\/wp-json\/wp\/v2\/pages\/325\/revisions\/485"}],"wp:featuredmedia":[{"embeddable":true,"href":"https:\/\/www.shungit.es\/blog\/wp-json\/wp\/v2\/media\/392"}],"wp:attachment":[{"href":"https:\/\/www.shungit.es\/blog\/wp-json\/wp\/v2\/media?parent=325"}],"curies":[{"name":"wp","href":"https:\/\/api.w.org\/{rel}","templated":true}]}}